5*o + i, -o = 5*i - 22. Give j(o).
5
Let a(g) = g**2 - 10*g - 9. Let c be a(11). Let b be (-3 + c)/((-1)/(-1)). Let r(i) = -4*i**2 + i + 1. Calculate r(b).
-4
Let r(d) = d - 3. Let p be r(6). Let q(w) be the first derivative of -1/2*w**2 + 1 + 0*w + 1/3*w**p. What is q(3)?
6
Let z(w) be the third derivative of w**6/120 - w**5/60 + w**4/24 + w**3/2 - w**2. Determine z(0).
3
Let n be (0 - 0)/((-1)/(-1)). Suppose 3*h = -5*w - 23, 7*h + 5*w + 25 = 2*h. Let y(z) = -4*z - 13. Let s(g) = g + 1. Let p(q) = h*y(q) - 3*s(q). Give p(n).
10
Let p(m) be the first derivative of m - m**2 + 1 + 1/20*m**5 + 1/12*m**4 + 0*m**3. Let d(c) be the first derivative of p(c). Determine d(0).
-2
Let g(p) be the third derivative of -p**6/360 + p**5/120 - p**4/12 + 2*p**3/3 - 4*p**2. Let d(w) be the first derivative of g(w). Calculate d(2).
-4
Let q(z) = -4*z + 8. Let p(r) = -3*r + 7. Let o(d) = 3*p(d) - 2*q(d). Give o(4).
1
Let u(i) = -i**2 + 3*i + 3. Let d(s) = -s**3 + 4*s**2 + 7*s - 5. Let n be d(5). Calculate u(n).
-7
Let f(r) = r**2 + 3*r. Let o(c) = -c - 1. Let h(m) = f(m) - 3*o(m). Suppose -12 - 2 = -2*g. Let d = g - 9. What is h(d)?
-5
Let u(w) = -w + 10. Let l(a) = 2*a - 20. Let c(s) = -2*l(s) - 5*u(s). Let j = -10 + 21. Let b = -11 + j. Determine c(b).
-10
Let z(x) = 0*x**2 - 2*x**2 - 5*x**2 - 2*x + 5*x**2. Let d(s) = s + 1. Let o(k) = 4*d(k) + z(k). Give o(3).
-8
Let x(u) = -u**3 - 3*u**2 + 3*u - 1. Let v be (-2)/((-11)/(-77)*(-7)/(-2)). Calculate x(v).
3
Let c(q) = -2*q**3 - q**2 + q. Let j(i) = i - 5. Let v be j(3). Calculate c(v).
10
Let m(d) = -d + 7. Let y be m(7). Let h(r) = -r**2 - 8*r + 2. Let c be h(-8). Suppose l + c + 2 = y. Let q(s) = -2*s - 1. Determine q(l).
7
Let y(c) = c**3 - c. Suppose 0 = 5*p + 5*w, 4*p - w - 4*w = 45. Suppose 0*v - p*v = 0. Determine y(v).
0
Let x(d) be the second derivative of -d**4/12 - d**3 + 7*d**2/2 + d. Let p(q) = -3*q**2 - 17*q + 21. Let b(n) = -3*p(n) + 8*x(n). Calculate b(-5).
3
Let g(p) = -p**2 + 3*p - 2. Let a be (1 + (-1 - 3))/(0 + -1). Determine g(a).
-2
Let q(f) = -f + 3. Let k(c) = 1. Let z(a) = -a + 1. Let m be z(-2). Suppose b + 9 = m*g + 4*b, 0 = 4*g - 4*b + 20. Let v(t) = g*q(t) + 2*k(t). Determine v(-4).
-5
Let f(d) = -3 + 8 - 1 - d. Suppose 5*q - 3*i - 21 = 0, 3*q = 2*i + 22 - 10. Give f(q).
-2
Suppose -2*t = -4*n, -2*t = 4*n - 0*t. Let u(a) = a**3 - a**2 - a - 6. Determine u(n).
-6
Let m(f) = 2*f - 3. Suppose -z + 5*a + 20 = 0, -5*z = 7*a - 2*a - 70. Suppose 5*b + 5 = z. Determine m(b).
1
Let q(u) be the second derivative of -u**4/12 - 4*u**3/3 - 9*u**2/2 + u. Let l = 3 + -9. Calculate q(l).
3
Suppose -1 = 3*f - 10. Suppose 3*a + o - 7 = f*o, a + 1 = -o. Let i(k) = -3*k**3 + 2*k**2 - k. Calculate i(a).
-2
Let k(g) = 1 - 2*g**2 - 4*g + 7*g - 3*g. Determine k(-1).
-1
Let o be 3*2/(4/6). Let u = -14 + o. Let g = 9 + u. Let q(n) = -n + 8. What is q(g)?
4
Let r(a) be the second derivative of a**5/60 - 5*a**4/24 - a**3/6 - a**2/2 + 4*a. Let x(m) be the first derivative of r(m). Determine x(5).
-1
Let c(j) be the second derivative of j**3 + j**2/2 + 11*j + 2. Determine c(4).
25
Let m(x) = x**2 + 7*x + 4. Let f be (0 - 8)/((-10)/(-55)). Let n be 212/f + 2/(-11). Give m(n).
-6
Let r(u) be the third derivative of -u**2 - 1/8*u**4 + 0*u - 2/3*u**3 + 0. Determine r(-4).
8
Suppose -4 = n - 0. Let b(s) = s**2 + 3*s + 1. What is b(n)?
5
Let o(s) = s**2 - s - 5. Suppose 17 = 3*y + 5. Give o(y).
7
Suppose 7*x - 2*x + 2*y = 15, x - 3*y = 3. Let j(k) = 2*k - 1. Determine j(x).
5
Let t(c) = 12*c**2 - c. Suppose 2*p - 5*f - 16 = p, 3*p + f = 48. Let k = 24 - p. Suppose -4*x + k = 4. Give t(x).
11
Let j(x) = -x. Let k be 6*2/(-4) - 1. Let q(h) = -4*h. Let w be q(k). Let b be (w/24)/((-2)/6). Determine j(b).
2
Let s(t) = 3*t + 3. Suppose 0 = -0*u - 2*u - 6. Calculate s(u).
-6
Let k = 1 - -3. Let y(j) = j**3 - 4*j**2 - 5. Determine y(k).
-5
Suppose 0 = -3*s + s - 5*i, -4*i = s. Let n(l) = -5*l + l**2 + 2 + s + 1 - 2. Calculate n(5).
1
Let v(l) = -l**2 - l + 12. Let u(b) = b**2 + b - 2. Let o be u(-2). Calculate v(o).
12
Let s(w) = w**2 - 3*w + 2. Let v be 2/(((-12)/(-8))/3). Calculate s(v).
6
Let q(h) = -h**2 - h + 1. Let s(n) be the first derivative of n**4/4 - 4*n**3 - n**2/2 + 9*n - 3. Let u be s(12). What is q(u)?
-5
Let y be 2*(8/4)/1. Let h = 4 - y. Let l(r) = -r - 9. Determine l(h).
-9
Suppose -2 - 4 = -3*z. Let w = z - 2. Let u(d) = d + 2. Calculate u(w).
2
Let w(l) = l**2. Let f = 25 + -21. Calculate w(f).
16
Suppose -5 = -3*v + 5*w, 3*v - 2*v = -5*w + 15. Suppose -v*l + 12 = -l. Suppose -5*c + 3*g = 19, 21 = -4*c + c - l*g. Let u(j) = j + 7. Calculate u(c).
2
Let p(d) = -d + 6. Let w = -13 - -13. Calculate p(w).
6
Suppose -2*g - 2*g = p + 9, -3*g = -4*p + 21. Suppose 0 = -5*s + p*s + 30. Let n be (-4 + 2)*s/6. Let y(f) = f**2 + 5*f - 6. Give y(n).
-6
Suppose 4*b = -0*b - 24. Let s = b - -9. Let x(l) = -2*l + 0 + 0 + s*l - 1. Calculate x(4).
3
Let j = -5 + 8. Let a = -2 + j. Let l be 3*(a + -1 - 1). Let c(y) = -y**2 - 3*y - 3. Give c(l).
-3
Suppose 4*t - t - 15 = 0. Suppose t*n - 1 = 19. Let q(h) = -h**3 + 3*h**2 + 5*h - 2. Give q(n).
2
Let q(t) be the second derivative of -t**6/720 + t**5/60 + t**4/6 - t. Let i(n) be the third derivative of q(n). Calculate i(0).
2
Let o(c) = c - 1. Let v(g) = 6*g**3. Let a be v(1). Let f be 2 - (-3 + a) - -2. Calculate o(f).
0
Let a(p) = -2*p - 2*p**2 + 4*p - 2 + 5*p - 4*p. What is a(3)?
-11
Let d(c) = 5*c + 1. Let a = -12 + 8. Let b = a - -5. Let k be d(b). Let v(u) = -u + 4. What is v(k)?
-2
Let g(s) = -4*s - 3. Suppose 22 = 4*r + 30. What is g(r)?
5
Let j(o) = -3*o + 2*o - 5 - 2*o. Let m be j(-5). Suppose -g + m = -6*g. Let d(y) = -2*y. What is d(g)?
4
Suppose 1 = 3*d + 5*u, d - 5*u = -2*d + 11. Let v(n) = 2*n**2 + 2*n - 1. Give v(d).
11
Let k = 14 + -18. Let h(p) = 2*p**2 + 6*p + 3. What is h(k)?
11
Suppose 2*c + 2 + 0 = 0, 3*v + 4*c + 19 = 0. Let l(z) = -z**2 - 6*z - 3. What is l(v)?
2
Let u(g) = -3 + 4 - 2*g - 4 + 6*g. Let q be u(2). Let d(r) be the second derivative of -r**4/12 + 5*r**3/6 - 2*r**2 + r. Give d(q).
-4
Let h(w) be the first derivative of -w**3/3 - 2*w**2 - 6*w - 4. Suppose 0 = 5*v + 3*x + 14, 3*x = v + 9 + 1. What is h(v)?
-6
Let o(m) be the third derivative of -m**5/60 + m**4/6 - m**3/3 - 2*m**2. Suppose 3*d - 5 - 22 = 0. Let h = d + -5. What is o(h)?
-2
Let l(x) = -3*x. Let n(h) = h**2 + 10*h - 2. Suppose -4*y = 5*u + 50, -2*u + 2 - 22 = 3*y. Let k be n(u). Give l(k).
6
Suppose -3*x + 6 + 6 = 0. Let w be (-38)/(-14) - x/(-14). Let u(n) = 2*n**2 - 7*n + 2. Let z(c) = 2*c**2 - 8*c + 3. Let m(b) = 5*u(b) - 4*z(b). Calculate m(w).
7
Let i(l) = -l**2 - 1. Let v(p) = 3*p**2 - 3*p - 1. Let n(w) = -2*i(w) - v(w). What is n(3)?
3
Suppose 3*y + 4*m + 10 = -0*y, -4*y - 9 = m. Let d = 24 + -20. Let p(u) = 2*u + 6 - 2 - d - 1. Give p(y).
-5
Suppose 2*f - 7*f - 27 = -2*o, 2*o + 4*f = 0. Suppose o*p - p = 0. Let n(a) = a - 9. Calculate n(p).
-9
Let k be (-2)/(-2)*30/(-6). Let l(x) = -x**3 - 5*x**2 + x + 4. Calculate l(k).
-1
Let w = -7 + 9. Let r(c) = 1 - c + c + w*c + 0. What is r(-2)?
-3
Let j(b) = b**3 - b - 1. Let t(d) = -3*d**3 - 5*d**2 - 2*d + 4. Let o(l) = -2*j(l) - t(l). Let r(u) = 6*u - 4. Let q be r(5). Let p = q - 30. Calculate o(p).
-2
Let i(p) be the first derivative of -p**4/4 + p**3/3 - 7*p - 1. Let o be (15/5 - 3)/2. Determine i(o).
-7
Let l(c) = 6*c + 8. Let j(g) = 2*g + 3. Let k(m) = -11*j(m) + 4*l(m). Suppose 5*w - 1 = 9. Suppose -17 = -2*s - 5*r, 4*s = w*s - r + 5. What is k(s)?
1
Let j(y) be the second derivative of -y**2 + 0 + 1/3*y**3 + y. What is j(2)?
2
Let h(m) = -m**3 - 5*m**2 + 3*m + 4. Let q(l) = l**2 - 8*l + 9. Let v be q(7). Suppose v*w = 63 - 13. Suppose 5*b + 2*d + 25 = 0, -4*b - 3*d = b + w. Give h(b).
-11
Let b(a) = -a**3 + 7*a**2 - 5*a - 4. Let s be b(6). Let r(d) = -d + 0 + 5*d**s - d**3 + 0*d + 4. Let g be 2/4*(14 - 4). Determine r(g).
-1
Let m(v) = v + 4. Let w be m(-4). Let o(s) be the third derivative of 1/60*s**5 + 0*s + w + 1/120*s**6 + 1/12*s**4 + 1/3*s**3 - 2*s**2. Calculate o(-2).
-6
Let l = 78 + -82. Let b(k) = 2*k + 6. Give b(l).
-2
Let x(d) = -d**2 + 4*d - 2*d**2 - d**3 + 4 - d. Let t(l) = l**3 - 6*l**2 - 4. Let v be t(6). Let q be 69/(-21) - v/14. Give x(q).
-5
Suppose -12 = -4*u - 3*k, -4*u + 13 = -5*k + 1. Suppose -u = 